{"id":164,"date":"2018-07-08T11:20:27","date_gmt":"2018-07-08T11:20:27","guid":{"rendered":"http:\/\/tf.themedraft.com\/wp\/xzopro\/?page_id=164"},"modified":"2025-03-27T14:47:37","modified_gmt":"2025-03-27T14:47:37","slug":"eli-nay","status":"publish","type":"page","link":"https:\/\/agpack.com.tr\/?page_id=164","title":{"rendered":"EL\u0130NAY"},"content":{"rendered":"<div class=\"wpb-content-wrapper\"><p>[vc_row css=&#8221;.vc_custom_1529983139121{padding-top: 100px !important;padding-bottom: 15px !important;}&#8221;][vc_column][vc_single_image image=&#8221;2464&#8243; img_size=&#8221;full&#8221; css=&#8221;&#8221;][\/vc_column][\/vc_row][vc_row][vc_column width=&#8221;1\/2&#8243;][vc_images_carousel images=&#8221;2466&#8243; img_size=&#8221;full&#8221; autoplay=&#8221;yes&#8221; css=&#8221;&#8221;]\n    <div class=\"unordered-list-wrap \">\n         \n        <h4>EL HAVLUSU<\/h4>\n                \n            <div class=\"twial-list short-list no-list-style unordered-list-518 list-icon-type-imageicon\">\n                <ul><li><i class=\"\"><\/i>2 katl\u0131<\/li><li><i class=\"\"><\/i>46 gr.<\/li><li><i class=\"\"><\/i>Yaprak eni 21 cm<\/li><li><i class=\"\"><\/i>Rulo a\u011f\u0131rl\u0131\u011f\u0131 500 gr.<\/li>\n                <\/ul>\n            <\/div>  \n            \n                <style>\n                     .unordered-list-518.list-icon-type-imageicon li:before {\n                         background-image: url(https:\/\/agpack.com.tr\/wp-content\/uploads\/2018\/07\/lict-icon.png);\n                     }   \n                <\/style>\n            \n    <\/div>\n    [\/vc_column][\/vc_row]<\/p>\n<\/div>","protected":false},"excerpt":{"rendered":"<p>[vc_row css=&#8221;.vc_custom_1529983139121{padding-top: 100px !important;padding-bottom: 15px !important;}&#8221;][vc_column][vc_single_image image=&#8221;2464&#8243; img_size=&#8221;full&#8221; css=&#8221;&#8221;][\/vc_column][\/vc_row][vc_row][vc_column width=&#8221;1\/2&#8243;][vc_images_carousel images=&#8221;2466&#8243; img_size=&#8221;full&#8221; autoplay=&#8221;yes&#8221; css=&#8221;&#8221;][\/vc_column][\/vc_row]<\/p>\n","protected":false},"author":1,"featured_media":0,"parent":143,"menu_order":0,"comment_status":"closed","ping_status":"closed","template":"","meta":{"footnotes":""},"class_list":["post-164","page","type-page","status-publish","hentry"],"_links":{"self":[{"href":"https:\/\/agpack.com.tr\/index.php?rest_route=\/wp\/v2\/pages\/164","targetHints":{"allow":["GET"]}}],"collection":[{"href":"https:\/\/agpack.com.tr\/index.php?rest_route=\/wp\/v2\/pages"}],"about":[{"href":"https:\/\/agpack.com.tr\/index.php?rest_route=\/wp\/v2\/types\/page"}],"author":[{"embeddable":true,"href":"https:\/\/agpack.com.tr\/index.php?rest_route=\/wp\/v2\/users\/1"}],"replies":[{"embeddable":true,"href":"https:\/\/agpack.com.tr\/index.php?rest_route=%2Fwp%2Fv2%2Fcomments&post=164"}],"version-history":[{"count":2,"href":"https:\/\/agpack.com.tr\/index.php?rest_route=\/wp\/v2\/pages\/164\/revisions"}],"predecessor-version":[{"id":2467,"href":"https:\/\/agpack.com.tr\/index.php?rest_route=\/wp\/v2\/pages\/164\/revisions\/2467"}],"up":[{"embeddable":true,"href":"https:\/\/agpack.com.tr\/index.php?rest_route=\/wp\/v2\/pages\/143"}],"wp:attachment":[{"href":"https:\/\/agpack.com.tr\/index.php?rest_route=%2Fwp%2Fv2%2Fmedia&parent=164"}],"curies":[{"name":"wp","href":"https:\/\/api.w.org\/{rel}","templated":true}]}}